 5*d**2 + d - 1. Let b be u(1). Suppose 7*l + b = 6*l. Let g = l - -10. Let x(c) = 2*c - 7. Give x(g).
3
Let h(t) be the first derivative of -4*t**2 + 5*t + 124. Determine h(2).
-11
Suppose -w - 7 = 2*m + 4, -w = m + 7. Let u be 2*(-1)/(w/39). Let o(d) = 27*d - 1 - u*d - 10. Give o(6).
-5
Let m be (-291)/(-33) - 8/(-44). Suppose -4*l + m*l = 10. Let g(i) = -i**2. Determine g(l).
-4
Let d be 1*(-6)/((-6)/(-2)). Let t be (1 - d) + (-3)/(-1). Let g(u) = 4*u**2 + 7*u + u**3 + 0*u - 10*u**2 + 0 - t. What is g(5)?
4
Let u = -130 + 139. Let q(l) = l**3 - 5*l**2 + 2. Let d(i) = -4*i**3 + 21*i**2 - i - 7. Let g(r) = u*q(r) + 2*d(r). Determine g(3).
-2
Let q(o) be the third derivative of 0*o + 0*o**5 + 0 - 21*o**2 + 0*o**3 + 0*o**4 + 7/120*o**6. Give q(-1).
-7
Let z(l) = -4*l + 18. Let d be z(4). Let w = 7 + -4. Suppose -g - w = d. Let k(f) = -f - 11. What is k(g)?
-6
Let n(r) = -2*r**3 - 18*r**2 + 21*r - 33. Let p(d) = -d**3 - 9*d**2 + 10*d - 16. Let h(a) = 2*n(a) - 5*p(a). Calculate h(-10).
-6
Let w(c) = -29*c + 3. Let f be w(1). Let i = f + -5. Let x = 32 + i. Let k(q) = q**2 + 2*q - 1. Determine k(x).
2
Let z(n) = -n + 1. Let i(g) = -6*g**2 - 8*g + 3. Let h(p) = -5*p**2 - 8*p + 2. Let s(v) = -5*h(v) + 4*i(v). Let c(d) = s(d) + 2*z(d). Give c(-6).
4
Let k(f) = -f + 1. Let g(m) = -20*m + 54. Let i(n) = -g(n) + 6*k(n). Determine i(3).
-6
Let u = 13 + -6. Let c = u + -12. Let f(q) = -2465 + 0*q - 2*q**2 + 3*q**2 + 6*q + 2468. Give f(c).
-2
Let w(z) be the second derivative of -z**5/20 - 5*z**4/12 - 5*z**3/6 + 3*z**2 - 2*z - 8. Calculate w(-3).
3
Let w(p) = p**2 - 5*p + 4. Suppose 0 = -4*m + d - 25, 2*d + 3*d = 4*m + 13. Let g = m + 15. Suppose 7*x + g = 9*x. Give w(x).
0
Let k(m) = m**3 - 9*m**2 + m - 12. Let z(h) = -4*h**2 + 27*h + 16. Let b be z(7). Give k(b).
-3
Suppose -7*k = -6*k - 23. Suppose -18 = 5*x - k. Let g(r) = 2*r**3 - r + 1. Calculate g(x).
2
Let x(n) = 2*n - 6. Let m(o) = -20*o + 53. Let t(c) = -2*m(c) - 18*x(c). Determine t(-2).
-6
Suppose 1079 = 10*x + 1159. Let b(c) = -4*c - 23. Calculate b(x).
9
Let o(d) = d - 4. Let n(p) = p**3 - 11*p**2 - 11*p - 10. Let i be n(12). Suppose -i*k - a = -7, 4*k + 0*a - a = 29. What is o(k)?
2
Let l(h) be the first derivative of -h**4/12 - h**3/6 - h**2 + 11*h + 14. Let k(q) be the first derivative of l(q). Let p be 0 + 0 + -1 + 1. Give k(p).
-2
Suppose 155 + 19 = -29*n. Let b(c) = -c**3 - 6*c**2 - c - 5. Calculate b(n).
1
Let v(y) = y**3 + 7*y**2 + 7*y + 8. Let j = 50 - 56. Calculate v(j).
2
Let u(m) = -2*m**3 - m**2 - 3*m - 2. Suppose 7*i = 4*i. Suppose i = -o - 3 + 1. What is u(o)?
16
Suppose 0*j - 2*j - 30 = -5*n, 3*n = -j + 18. Let f(d) = -5 + 1 - 618*d**2 + 6*d + 611*d**2 + d**3. Give f(n).
-4
Let k = -3 - -1. Let g be ((-1)/k)/((-1)/10). Let s(r) = -8*r**2 + 4 - 9*r**2 + 4*r + 21*r**2 - 3*r**2. What is s(g)?
9
Let f(h) = 3*h - 39. Let j be f(11). Let d(n) = n - 5. Determine d(j).
-11
Suppose -5*g + 4*p - 161 = 0, -3*g - 3*p = -0*g + 75. Suppose 0 = 4*s + 3*c + 143, 6*c = -3*s + 2*c - 116. Let d = g - s. Let o(v) = 2*v - 2. Give o(d).
4
Let x be (-1804)/(-11)*(-2)/(-4). Let b = x + -79. Let g(c) = -2*c**2 + 3*c - 1. What is g(b)?
-10
Suppose z = 4*y - 2*z - 3, 2*z - 9 = -y. Suppose -y*q = -q. Let j(h) = q*h + 2*h**2 - 3*h**3 + 4 - h - h**2 + 4*h**3. Give j(0).
4
Let k(u) be the third derivative of -u**5/20 + 7*u**4/24 - 5*u**3/6 - u**2. Let j(n) = 7*n**2 - 15*n + 10. Let t(m) = 2*j(m) + 5*k(m). Calculate t(5).
-5
Let n(m) = 2*m + 10. Let r be n(-3). Let c(i) = -3*i. Give c(r).
-12
Let v(d) = 10*d + 2. Let t(l) = -l. Let u be 24*((-14)/4)/7. Let j(o) = u*t(o) - v(o). Determine j(-3).
-8
Let i(r) = 15*r - 51. Let a(u) = -3*u + 10. Let f(m) = -11*a(m) - 2*i(m). Let w(h) = 7*h**2 + 2*h + 1. Let d be w(-1). What is f(d)?
10
Let m = -377 + 379. Let f(a) = -2*a**2 + 2*a + 2. What is f(m)?
-2
Let w(n) = -1. Let f(o) = -78*o - 5*o**2 + 40*o + 43*o - 1 + 2*o**3. Let h(d) = -f(d) - 2*w(d). Determine h(3).
-21
Let j be ((-4)/(-12))/((-1)/(-3)). Let a(w) = 5*w. Calculate a(j).
5
Let x = 449/12 + -223/6. Let o(t) be the third derivative of 0 + 0*t - 1/2*t**3 + 13*t**2 - 1/60*t**5 - x*t**4. What is o(-5)?
2
Let i(g) = g**3 - 9*g**2 - 2*g + 13. Let c(a) = -a**2 + 1. Let t(x) = -6*c(x) + i(x). Let h be t(3). Let b(p) = -p - p**2 - 3*p + 2*p + 1. Determine b(h).
-2
Suppose 0*x - 6 = x - 5*u, 0 = u - 2. Let r(q) be the second derivative of 2*q**2 + q + 0 - 5/6*q**3 + 5/12*q**4 - 1/20*q**5. What is r(x)?
0
Let o(x) = -x**3 - 19*x**2 - x - 17. Let w be o(-19). Suppose -w*q = -9*q + 21. Let l(g) = -g - 1. Determine l(q).
-4
Let d(y) = 30 + 11*y + 6 - y**2 - 82 + 21. Calculate d(7).
3
Let v(o) be the third derivative of o**6/120 + o**5/12 - 5*o**4/24 + o**3/6 + 246*o**2. Suppose 7*c = 3*c - 24. What is v(c)?
-5
Let v(k) = 5*k + 19. Let h(t) = 9*t + 36. Let j(l) = 6*h(l) - 11*v(l). Give j(8).
-1
Let p(f) be the first derivative of f**4/4 + 5*f**3/3 + 5*f**2/2 - f + 426. Calculate p(-5).
-26
Let q = 10 - 13. Let j(l) = 3*l**3 + l**2 + 7*l + 8. Let h(u) = 7*u**3 + 3*u**2 + 15*u + 17. Let w(k) = -4*h(k) + 9*j(k). Calculate w(q).
-5
Let t be ((-55)/(-10))/((-2)/(-4)). Let r(l) = l**2 - 13*l + 15. Give r(t).
-7
Let s(z) be the first derivative of -13*z**3/3 + z**2/2 + z - 65. Give s(-1).
-13
Let q(j) be the second derivative of -j**5/20 - j**4/3 - j**3/2 + 6*j + 6. Determine q(-2).
-2
Let n be 5/(-3)*213/(-355). Let l(u) = u - 2 + u**2 - 1 + 2 + 7*u**3. What is l(n)?
8
Suppose -5*q = -0*q - 25. Let k(i) be the second derivative of i**4/12 - 5*i**3/6 + 3*i**2/2 - i - 41. What is k(q)?
3
Let q(c) = c**3 + 8*c**2 - 12*c + 7. Let m(h) = -14*h**2 + 25*h - 4*h**2 + h**3 + 2*h**2 - 4*h**3 - 14. Let r(a) = 2*m(a) + 5*q(a). What is r(7)?
-14
Let w(m) be the first derivative of 15*m**2/2 + 2*m + 584. Give w(1).
17
Let q(m) = -m**3 + 4*m**2 + 5*m + 7. Let y = 56 - 59. Suppose -4*c + 72 = -3*s, 5*c - 5*s - 50 = 3*c. Let x be 66/c - y/5. Determine q(x).
7
Let l = -27 + 28. Let i be ((-8)/6)/(l - 15/9). Let v(s) = s + 2. Give v(i).
4
Let a = -233 + 232. Let d(n) = -16*n**2 + 21*n + 16. Let i(s) = -3*s**2 + 4*s + 3. Let h be -1 + 2 + (9 - -1). Let k(u) = h*i(u) - 2*d(u). Give k(a).
-2
Let j(o) = -o**2 + 7*o - 9. Let y be j(4). Suppose -r + 5*s + 8 = 0, -s + 5 + y = -5*r. Let i(d) = d**3 + d**2 + 2*d + 3. Give i(r).
-5
Let q(c) = -c**2 - 4*c + 4. Let s be q(3). Let i = 19 + s. Suppose -2*m = i*m - 16. Let y(b) = b**3 - 5*b**2 + 3*b - 5. Determine y(m).
-9
Let f(c) = -5*c + 2*c + 2*c + 0*c. Let g be (2/10)/((-3)/(-5))*6. What is f(g)?
-2
Let t(a) be the second derivative of a**3/3 + 11*a**2/2 - 2*a - 9. What is t(-3)?
5
Let l(c) be the third derivative of 5*c**4/24 + 20*c**3/3 + 2*c**2 - 24*c. What is l(-7)?
5
Let u(q) = -q**3 + 4*q**2 - q + 1. Let c(p) = 5*p - 41. Let x be c(13). Suppose 0 = 9*o - o - x. Give u(o).
7
Let u = 131 + -149. Let l(h) = -h**2 - 20*h - 33. Let d be l(u). Let t(y) = -y**3 - y + 3. Give t(d).
-27
Suppose 0 = 3*l - 4*i + 14, -2*i - 4 - 10 = 2*l. Let a(j) = -j - 3 + 5 - 2*j. Give a(l).
20
Let m = 0 + -4. Let i be (-15)/(-6) - 4/8. Let j(v) = 8 - 4*v - 3*v**2 - 10 + 0*v**2 + 2*v**i. Determine j(m).
-2
Suppose 2*p + 2*v - 106 = -0*p, -155 = -3*p - v. Let d = p + -43. Let c(u) = -u**3 + 9*u**2 - 9*u + 10. Calculate c(d).
2
Suppose -g + 68 = -83. Let f(j) = g*j**2 - 6*j - 148*j**2 + j + j - j**3 + 3. What is f(2)?
-1
Let p(w) = 5*w - 3. Suppose -7*q = -10*q + 42. Let v be (-2)/1 + (26 - 3). Let t be (v/q)/((-1)/(-2)). Calculate p(t).
12
Let h(a) be the third derivative of -a**6/60 + a**5/10 - a**4/8 + a**3/2 - 266*a**2. Give h(4).
-41
Let a(m) be the second derivative of -13*m**4/12 + m**2/2 - 16*m - 5. Calculate a(1).
-12
Let l(y) be the second derivative of -y**5/20 + y**4 - y**3/6 + 7*y**2/2 - 19*y. Let q be l(12). Let u(p) = p**3 + 4*p**2 - 7*p - 3. Calculate u(q).
7
Let x(q) = q**2 - 25*q - 22. Suppose -4*h - 24 - 60 = -4*n, 4*h = 20. Determine x(n).
4
Let q(j) = 5*j + 10. Suppose -67*i - 168 = -55*i. Give q(i).
-60
Let y(x) = -x**2 + 7*x - 10. Suppose -5*f + 114 = 79. What is y(f)?
-10
Let n = -207 + 198. Let r(p) = -p**2 - 12*p - 9. What is r(n)?
18
Let d(z) be the third derivative of -z**7/5040 + z**6/240 + z**5/15 + 11*z**2. Let p(i) be the third derivative of d(i). Calculate p(7).
-4
Let j be (-1 + -1)*(-2)